e factors of d?
2
Let s = 45 - 63. What are the prime factors of (-4)/s + 320/18?
2, 3
Suppose 2*v + k = -0*k - 65, v + k = -32. Suppose 13 = -4*x + q, -3*q = -4*x - 4 - 11. List the prime factors of v/x*(0 + 1).
11
Let s(j) = 6*j**2 + j + 1. Let q be s(3). Let z = 29 - q. Let u = -11 - z. What are the prime factors of u?
2, 3
Let t be (-8 + 0/3)/(-2). Let c(n) = 3*n**2 - 3*n - 4. Let z be c(-4). Suppose 4*x + p = 2*x + 23, -4*p + z = t*x. List the prime factors of x.
3
Let s be 7 - 15 - (1 + -5). What are the prime factors of (-80)/s - (4 - 3)?
19
Suppose -81 = t - 4*t. Suppose -2*r = -f + t, 5*f + 2*r = -2*r + 93. List the prime factors of f.
3, 7
Let a = 37 + 36. What are the prime factors of a?
73
What are the prime factors of 247/26*(3 - 1)?
19
Suppose 0 = 5*k + 15, 4*x + k - 141 = x. List the prime factors of x.
2, 3
Suppose -5*j = -196 - 114. Suppose 4*x - 42 = j. What are the prime factors of x?
2, 13
Suppose -53 + 9 = -y. What are the prime factors of y?
2, 11
Let u(f) = -3*f**3 - 15*f**2 - 3*f + 9. Let i(x) = -x**2 + 1. Let k(y) = -12*i(y) + u(y). List the prime factors of k(-2).
3, 5
Let z(c) = c**2 - 5*c - 1. Let l be z(6). Suppose -8 = -l*i + 2. Suppose -2*w = -i - 22. List the prime factors of w.
2, 3
Let b(a) = 41*a**2 + 2*a + 1. What are the prime factors of b(-1)?
2, 5
Let d(l) = -4*l**3 - l**2 + l + 1. Let t be d(-2). Let o = 4 + -1. Suppose o*x + 3 = t. What are the prime factors of x?
2
Suppose -4 = 4*j - 4*i, -4*j - 3*i + 31 = -0. Suppose -k = j*k - 20. List the prime factors of k.
2
Let g(k) be the second derivative of k**4/12 - k**3/3 + k**2/2 + 3*k. What are the prime factors of g(-2)?
3
Let a = 8 + -3. Suppose -2 = 2*p, 3*k + 0*p = a*p + 14. What are the prime factors of k?
3
Suppose -5*v - h = -4*h - 34, 3*v + 5*h = 0. Suppose -v*q - 2*k - 2*k - 27 = 0, 3*q = 3*k - 27. Let f = q - -18. List the prime factors of f.
11
Let j be (-1)/2 + (-483)/14. What are the prime factors of (j/28)/((-1)/20)?
5
Let j(v) = -48*v**2 - 1 - 13*v**3 + v + 41*v**3 + 48*v**2. List the prime factors of j(1).
2, 7
Let g(q) = -40*q**2 - 2*q - 1. Let w be g(-1). Let t = -6 - w. What are the prime factors of t?
3, 11
Let v be (-3 + -2)*1*-1. Suppose -d + 5*d - 113 = g, -2*d = -v*g - 61. List the prime factors of d.
2, 7
Let t = 6 + -4. Suppose -4*y - t*a = -0*a + 6, 3*y = -3*a - 12. What are the prime factors of (y/(-2))/(4/(-112))?
2, 7
Suppose 0 = 2*r + 4. List the prime factors of 19/3 - r/3.
7
Let r(z) = -z**2 - 6*z + 2. Let b be r(-6). Suppose 0 = 3*p - 5*w - 31, 4*w = -b*p + 4 + 2. List the prime factors of p.
7
Let a(n) = 2*n - 3*n + 5 - 2*n. List the prime factors of a(-6).
23
Let c = -9 + -1. Let t be c/5*(-58)/4. Suppose 5*h + t = 79. What are the prime factors of h?
2, 5
Let p(c) = -c**3 + 5*c**2 - 3*c + 2. Let u = -4 - -7. Suppose 4*a + 4*q - 8 = 0, -4*a + u*q + 16 = -q. List the prime factors of p(a).
11
Let y(z) = z**2 - 5*z - 9. What are the prime factors of y(9)?
3
Let v = 9 - 14. List the prime factors of (-2)/(-5) - 48/v.
2, 5
Let z = 16 + 37. List the prime factors of z.
53
Suppose 292 = 5*x - 68. List the prime factors of x.
2, 3
Suppose 3*v + s + 4 = 0, 4*s + 4 = -0. Let l be (-7 + 0)/(v/9). Suppose l = -2*t + 5*t. What are the prime factors of t?
3, 7
Suppose -2*z - 5 = -2*o - 3, -o + 4*z = 2. What are the prime factors of o?
2
Let m = 7 + -1. Let t = 8 - m. List the prime factors of t.
2
Let a(k) = 11*k**2 - 28*k - 2*k**2 + 28*k. What are the prime factors of a(2)?
2, 3
Let x be (-2)/(-3) + 6/(-9). Let f be 68 + 0 + -3 + 2. Suppose x = 4*v + 19 - f. List the prime factors of v.
2, 3
Suppose 5*n + 0*n = -15. What are the prime factors of 1 + 16 + 3 - n?
23
Suppose -2*m = 3*m - 85. List the prime factors of m.
17
Let c = -13 - -17. What are the prime factors of c?
2
Suppose -136 = -5*j + 174. What are the prime factors of j?
2, 31
Suppose 3*s - 2 + 8 = 0. Let v = 4 + s. What are the prime factors of 2 - (4*-1 + v)?
2
Let c = 184 + -109. List the prime factors of c.
3, 5
Let l be 0*(6/(-9))/2. Suppose -3*h + l*h + 96 = 0. What are the prime factors of h?
2
Let f = -4 + 11. Let d(y) = 3*y**2 - 10*y + 3. Let u be d(f). List the prime factors of 4/14 + u/14.
2, 3
Suppose 1656 + 24 = 14*h. List the prime factors of h.
2, 3, 5
Let v(o) = o**2 + 5*o - 3. Let i be v(-5). List the prime factors of (1 - -11)/(i - -5).
2, 3
Let m(z) = -5. Let y(h) = h + 1. Let n(w) = m(w) + y(w). Let b(q) = -q**2 + q + 8. Let o be b(0). What are the prime factors of n(o)?
2
Let h be 27/(-2 - (-2)/4). Let q = -12 - -38. Let z = q + h. What are the prime factors of z?
2
Suppose 5*h + 683 = 4*a, -3*h - 12 = h. What are the prime factors of a?
167
Let r = -4 + 12. Suppose -57 = -4*v - j, -3*v - 5*j - 40 = -r*v. Suppose -4*b + v = -3*b. What are the prime factors of b?
13
Suppose 0 = -t - 4*h + 77, -4*h - 34 + 354 = 4*t. Let d = t + -30. List the prime factors of d.
3, 17
Let v(y) = y - 4. Let x be v(4). Suppose -18 = -x*m - 2*m. List the prime factors of m.
3
Let r = 66 - 46. List the prime factors of (-3)/(-15) - (-56)/r.
3
Let a = 26 - 16. Let k = a - 1. What are the prime factors of k?
3
Suppose 0 = 5*l + j + 12 + 44, 0 = -3*l - 4*j - 37. Let o = l - -20. List the prime factors of o.
3
Let u(b) be the first derivative of b**2/2 + 11*b + 3. List the prime factors of u(0).
11
Suppose -24*u - 262 = -25*u. What are the prime factors of u?
2, 131
Let m be 10/14 + 8/28. Let f be 0 - (1 + m) - -8. List the prime factors of f - (0 + -2) - 1.
7
Suppose 20 = -w + 5*x, 3*x - 20 = -0*w - w. Suppose -w*m - 95 = -5*j, 2 - 9 = -j + 4*m. List the prime factors of j.
23
Let f(g) = -g. Suppose -4*n = 3*c - n + 6, 3*c + 6 = 4*n. Let p be f(c). Suppose -1 + 15 = p*h. List the prime factors of h.
7
What are the prime factors of -2 + 5 - (-3 + -10)?
2
Let l = 3 - -1. Suppose s - 35 = l*f, 0*s - 4*s - f = -89. List the prime factors of s.
23
Suppose -4*y - 3*h + 180 = 0, -5*h + 8 = y - 20. Suppose 0 = -2*w + y + 10. List the prime factors of w.
29
Let k be -2 - (7/(-1) - -1). What are the prime factors of 3/12 + 31/k?
2
Suppose -4*i = 3 - 31. Suppose -q + i = -0*q. Suppose -38 = -5*a + 3*u, -2*a + 3*u + q + 1 = 0. List the prime factors of a.
2, 5
List the prime factors of ((-448)/42)/((-4)/6).
2
Let o = -113 + 217. List the prime factors of o.
2, 13
Let p(y) = -57*y**3 - 2*y**2 - 3*y - 2. List the prime factors of p(-1).
2, 7
Let k = 669 - 473. List the prime factors of k.
2, 7
Let c(j) = j**3 + j**2 - 5*j + 1. Let h be c(5). Let m = h + -52. Suppose 14 = -5*z + m. List the prime factors of z.
2, 3
Let y = 7 + 0. What are the prime factors of y?
7
Let n(k) = k**3 - 6*k**2 - 11*k + 19. What are the prime factors of n(9)?
163
Suppose 3*c + 3*x = 102, 2*c - 4*x - 112 = -2*c. List the prime factors of c.
31
Let y(n) = 2*n**2 - 2 - 3*n + 5*n + n + 0. Let f(s) = s + 4. Let v be f(-2). List the prime factors of y(v).
2, 3
Let j(k) = k**3 + 6*k**2 - k + 3. Let y be j(-6). Let m = 0 - -3. What are the prime factors of m/y - (-34)/6?
2, 3
Let w(q) = q + 13. Let u be w(-9). Let m = -1 + u. Let v(l) = 5*l - 3. What are the prime factors of v(m)?
2, 3
Let j(h) = h**3 + 3*h**2 + h. Let r be j(-2). Suppose 2*d - 3*q = -r*q - 2, -3*q = -2*d + 6. Let i = 13 - d. What are the prime factors of i?
2
Let j(q) = -2*q - 14. What are the prime factors of j(-13)?
2, 3
Let r be ((-4)/5)/(4/150). List the prime factors of 11/1 + r/(-10).
2, 7
Suppose -x + 0*c + 10 = 3*c, 2 = x - c. Suppose 5*t - 7 + 1 = -3*j, -5*j - 27 = -x*t. Suppose a + t*a - 8 = 0. List the prime factors of a.
2
Let v = -21 - -32. What are the prime factors of v?
11
Let q be 3*(-2 + (-1)/(-1)). Let n be ((-6)/(-4))/((-6)/32). Let t = q - n. What are the prime factors of t?
5
Suppose 5*v + 44 = 3*y, 0*v = 3*y + 2*v - 16. What are the prime factors of y?
2
Suppose 3*t = -4*t + 665. What are the prime factors of t?
5, 19
Let o = -24 - -25. Suppose 7 = 2*t + 3. Suppose -t = -l + o. List the prime factors of l.
3
Suppose -p + 2*x = 1, 0*p = -3*p + 3*x - 3. Let b(s) = -s**3 + 8*s**2 - 7*s - 2. Let u be b(7). What are the prime factors of u + p/((-2)/28)?
2, 3
Let k(r) = 3*r**2 - 9*r + 17. What are the prime factors of k(7)?
101
Suppose 4*w - 4*f - 439 = -91, -3*w = -2*f - 256. List the prime factors of w.
2, 41
Let b(o) = -3*o. Suppo